mainder when 9 is divided by y.
4
Suppose w - 383 = 4*g + 70, g + w + 117 = 0. Let q = 141 + g. Calculate the remainder when 79 is divided by q.
25
Let z(y) = 2*y**3 - 47*y**2 - 18*y - 17. What is the remainder when 1901 is divided by z(24)?
123
Suppose -2*g + 198 = 4*b, 9*b = g + 7*b - 95. Calculate the remainder when 209 is divided by g.
15
Let y = -3826 - -3843. Calculate the remainder when 22 is divided by y.
5
Let t = 145 - 54. Suppose -9*i + t = -422. Calculate the remainder when i is divided by 31.
26
Suppose -65*q + 5211 = -24*q + 578. Calculate the remainder when q is divided by 42.
29
Suppose 0*i + 67*i - 6017 = -791. Calculate the remainder when 1173 is divided by i.
3
What is the remainder when ((-1162)/(-35))/(((-84)/(-434))/(9 + 6)) is divided by 857?
2
Let s(c) = 17*c**2 - 2*c - 10. Calculate the remainder when s(-3) is divided by 335/(-134) - 107/(-2).
47
What is the remainder when 276/9*(19 - 13) is divided by 107?
77
Calculate the remainder when (1032/903)/(2/1246) is divided by 105.
82
Let h = 106 + -102. Suppose -4*q - 3*r = -4*r - 4, -h = 4*q - 3*r. What is the remainder when 7 is divided by q?
1
Suppose 0 = -8*c + 7*c - 2*m + 19, 2*m + 17 = 3*c. What is the remainder when 224 is divided by c?
8
Let m(k) = -12*k - 54. Suppose -98*f + 22 = -100*f. What is the remainder when 155 is divided by m(f)?
77
Suppose u = -3*u + 1512. Suppose u = -10*h + 17*h. Calculate the remainder when h is divided by (-5)/(60/(-234)) - 1/2.
16
Let g(b) = -b**3 + 17*b**2 + b + 3. Let k be (2 + (-8 - -5))/(1/(-17)). Let q be g(k). Calculate the remainder when 31 is divided by (56/35)/(2/q).
15
Let i(j) = -1555*j - 5240. What is the remainder when i(-5) is divided by 106?
97
Let s(x) = 168*x - 639. Calculate the remainder when s(9) is divided by 177.
165
Let z(n) = 8*n**2 + 35*n + 166. Calculate the remainder when z(-6) is divided by 70.
34
Let b = 23 + -18. Let s(a) = -a**3 + 9*a**2 + 10*a + 9. Let o be s(10). What is the remainder when b is divided by o/(126/4)*7?
1
Suppose -2*s + 3*b - 6*b + 23 = 0, 20 = 5*s - 5*b. Let i = 152 + -285. Let g = i + 200. Calculate the remainder when g is divided by s.
4
Let d = 1620 - -269. Calculate the remainder when d is divided by 45.
44
Let y(k) = -21*k + 2488. What is the remainder when 2174 is divided by y(112)?
134
Suppose 15*a - 17 = 11*a - f, 5*a - 4*f + 5 = 0. Suppose -q - 3*o + 14 = -0*q, 0 = 2*q + o - 13. Calculate the remainder when a/((30/190)/1) is divided by q.
4
Suppose -4*t + 8*t + 3*h = 24, 3*t = 5*h - 11. Suppose -1531 = -9*z - 1378. Calculate the remainder when z is divided by t.
2
Suppose 7*y + 235 + 241 = 497. What is the remainder when 181 is divided by y?
1
What is the remainder when 167 is divided by (6 - (-154)/(-14))*-8?
7
Let b = 4525 - 4396. Calculate the remainder when b is divided by 124.
5
Let v(c) be the second derivative of c**3/6 - c**2 + c. Suppose 2031 + 272 = 76*z + 479. Calculate the remainder when z is divided by v(7).
4
Let z(i) = -i**3 - 9*i**2 - 68*i - 361. Calculate the remainder when z(-8) is divided by 119.
0
Suppose -5510 = 4*w - 5658. What is the remainder when w is divided by (-100)/15*1*9/(-2)?
7
Let d(b) = 5*b**2 - 109*b + 644. What is the remainder when d(7) is divided by 64?
62
Let n = -186 - -188. Suppose -195 + 157 = -n*k. What is the remainder when 51 is divided by k?
13
Suppose i + 6*a - 37 = 0, 4*i + 6*a = 10*a + 8. What is the remainder when 7159 is divided by i?
5
Let i(l) = -3*l**3 - 11*l**2 - 82*l - 529. Calculate the remainder when i(-7) is divided by 26.
15
Let s(l) = -6*l. Let r be s(-14). Suppose -3*w - 3*w + r = 0. What is the remainder when 68 is divided by w?
12
Let q(s) = -s**2 + 47*s + 163. Calculate the remainder when 310 is divided by q(47).
147
Suppose -c = 2*z - 4, 2*c - z - 8 = 4*z. Suppose 2*n - 118 = r + c*r, -n + 45 = r. Calculate the remainder when n is divided by 25.
24
Let t be 6/15 - (3304/35 + 2). Calculate the remainder when 21 is divided by (t/24)/((-1)/2).
5
Suppose 4*f = x + 2*x + 6, 0 = -4*f - 5*x + 22. Suppose -35 = -f*b + 28. What is the remainder when 83 is divided by b - 1*(-3 - -2)?
17
Suppose 31*w = 34*w + 5*i - 223, -i + 239 = 3*w. Suppose -3*l + l = -5*v + 109, -l = -3. Calculate the remainder when w is divided by v.
12
Let q(f) = f**2 - 6*f + 14. Suppose -3*x = -49 - 2. Suppose -3*y - g + x = -21, -5*g + 25 = 0. Calculate the remainder when q(7) is divided by y.
10
Let p(m) = -m**3 - 44*m**2 - 4*m - 160. Suppose -112 = 7*a + 196. Calculate the remainder when (22 - (-2)/(-2))*3 is divided by p(a).
15
Let d(i) = 8*i**2 + i**3 + 26 + 49*i - 34*i - 28*i - 1 - i**2. What is the remainder when d(-8) is divided by 55?
10
Suppose -5*l - m + 82 = 342, -208 = 4*l + 2*m. Let g = l - -66. Let r(n) = 4*n**2 + 4*n - 17. Calculate the remainder when r(6) is divided by g.
11
Let i be ((-15)/(-20))/((-1)/(-16)). Let k be i/15 - (-1)/5. Calculate the remainder when 46 is divided by (25 - k)*2/(-1 - -3).
22
Let w = 3377 + -3320. Suppose -3*s = 3*d, 11 + 4 = -3*d. What is the remainder when w is divided by s?
2
Let i(y) = 5*y**2 - 244*y - 1253. What is the remainder when 13704 is divided by i(-5)?
88
Let f(x) = 2*x**2 - 7*x - 4. Calculate the remainder when 344/(-5)*((-1400)/(-224) + -10) is divided by f(6).
24
Let u(z) = -4*z**2 + 13*z + 1. Suppose 2*l + 3*l = 25. Let d be u(l). Let f = 41 + d. Calculate the remainder when 8 is divided by f.
1
Suppose -5*n - 716 = -5*u + 34, 2 = -n. Suppose -145*x + u*x = 144. Suppose 4*d = 26 + 42. Calculate the remainder when x is divided by d.
14
Let b = -372 - -375. Suppose -3*m - 213 = -b*f, -3*m - 16 = m. Calculate the remainder when 332 is divided by f.
64
Let u(y) be the third derivative of -y**6/30 - y**5/3 - y**4/3 - 8*y**3/3 - 25*y**2. Calculate the remainder when 575 is divided by u(-5).
23
Let u(r) = r - 8. Suppose 3*l - 67 = -l - 3*z, -4 = -4*z. Let b be u(l). Suppose -b*v + v + 98 = 0. What is the remainder when 55 is divided by v?
13
Suppose -2*s - 290 = -3*a - 223, 4*a - 84 = 4*s. Suppose 0 = -i + 4*g + 609, -2*i - 3*g = -g - 1188. What is the remainder when i is divided by a?
22
Let i(a) = 4*a**2 - 282*a + 3389. Suppose -2*h + 25 = 3*h. Calculate the remainder when i(15) is divided by 6*(h/(-3))/(-1).
9
Suppose 297 = 3*x + 4*t, x - 83 = 67*t - 63*t. Calculate the remainder when x is divided by 11.
7
Suppose -4*x + 5 = -5*t, -2 = -x + 2*t - 0*t. Let c(s) = s**3 + 10. What is the remainder when 59 is divided by c(x)?
9
Suppose q - 4 = -4*f, -6*q + 4*f = -3*q - 76. What is the remainder when 1959 is divided by q?
19
Suppose 248 = 7*n - 120*k + 115*k, -3*k = -4*n + 141. What is the remainder when 1/4 + 1707/4 is divided by n?
37
Let p = 33 + -28. Suppose -p*h + h = 2*b - 90, -h - 5*b = 0. Suppose -6 + h = t. Calculate the remainder when t is divided by 4.
3
Let k = -437 + 421. Let w(b) = -9*b - 97. Suppose -87 = -5*d - 2. Calculate the remainder when w(k) is divided by d.
13
Let l be 33 - 17 - (-2 + 3). Suppose -5*r - 110 = -l*r. Calculate the remainder when r is divided by 2.
1
What is the remainder when -17 - 116/(-7) - (-2 - 28338/21) is divided by 112?
7
Suppose -15*v = 838 + 152. Let m = -22 - v. What is the remainder when m is divided by 17?
10
Let l be -49 - (-10 + (11 - 5)). Let q(r) = -6*r - 10. Calculate the remainder when q(-7) is divided by l/6*(-8)/20 + 4.
4
Let s(g) = -6*g**2 + 175*g + 39. What is the remainder when 678 is divided by s(29)?
66
Let g = 3247 - 1742. Suppose -g = -33*i + 2356. What is the remainder when i is divided by 15?
12
Suppose 13738*r = 13752*r - 378. Calculate the remainder when 152 is divided by r.
17
Suppose 27*w - 3501 - 3363 = 1614. What is the remainder when w is divided by 22?
6
Let x(c) = -471*c + 12215. What is the remainder when x(17) is divided by 21?
8
Let u = -28 - -26. Calculate the remainder when 78 is divided by (-64)/24*(-8 - u).
14
Let j = -52 + -328. Let s = -373 - j. Calculate the remainder when 40 is divided by s.
5
Suppose -1925 = -3*n + 2*g, -5*n - 5*g + 1800 = -1375. Calculate the remainder when n is divided by 27.
18
Let p(a) be the first derivative of -a**2 + 8*a + 24. Calculate the remainder when 49 is divided by p(-1).
9
Let u(k) = k**3 - 11*k**2 - 12*k + 3. Let s be u(12). Let t be (-174 - (3 - s))*-1. Calculate the remai